st common divisor of r and 65.
5
Let h = 261 - 234. Let u(l) = l**3 - 4*l**2 + 2*l + 1. Let s be u(4). What is the highest common factor of s and h?
9
Suppose -8*h + 25*h = 493. Let k = h + -10. Let x(p) = 5*p - 6. Let f be x(5). What is the greatest common factor of f and k?
19
Let w be (-31)/1 + 5 + -3. Let m = 37 + w. Calculate the greatest common factor of m and 4.
4
Let u(q) = 4*q**2 + 15*q - 27. Let r be u(3). What is the greatest common factor of 10 and r?
2
Suppose -31*u + 24*u + 7 = 0. Let v = 12 - 7. Calculate the greatest common factor of u and v.
1
Let a = 32 + -7. Let m be a + (1/3)/((-3)/18). Calculate the highest common factor of m and 69.
23
Let n = 40 + 9. Let z = 82 - n. Calculate the highest common divisor of 77 and z.
11
Let d = 129 - 120. Calculate the highest common factor of 36 and d.
9
Suppose -15 = 5*z, -3*v + 142 = 3*z - 74. Calculate the greatest common divisor of 20 and v.
5
Let s be (-2)/5 - (-27)/(-45). Let b = s + 0. Let h = 6 - b. What is the greatest common factor of 56 and h?
7
Let m(t) = -t**2 + 21*t - 44. Let p be m(13). Calculate the greatest common divisor of p and 40.
20
Let l be (-7 + 110/15)/(1/6). Suppose -5*o = -2*f - 29 - 17, 0 = -o - l*f + 14. Calculate the highest common factor of o and 50.
10
Let b = 894 + -862. Suppose 4*s - 1270 = -s - 2*l, 5*s + 4*l - 1260 = 0. What is the greatest common divisor of b and s?
32
Let i be ((-53)/(-212))/((-2)/(-264)). What is the highest common divisor of i and 44?
11
Suppose -9 - 1 = -2*q. Suppose q*o + 0*o = -t + 79, -4*o + 128 = 2*t. Let p be -3 - (-5)/(15/t). Calculate the greatest common divisor of p and 75.
15
Suppose -15*n = -24*n + 4662. Let f = n + -336. What is the greatest common factor of f and 14?
14
Suppose l - 15 + 14 = 0. Let t be (-2*l*(-76)/4)/2. Calculate the highest common factor of 57 and t.
19
Let y(o) = o**3 + 3*o**2 + o + 4. Let l be y(-3). Let x be 10 - l/(0 - 1). What is the highest common divisor of 77 and x?
11
Let n be 6*(4 + -1 - 2/4). Suppose -84 = -n*l + 11*l. What is the highest common divisor of 3 and l?
3
Let x be 2/(-6) + (-68)/12. Let m be x/(((-7)/(-28))/((-4)/6)). What is the greatest common divisor of m and 80?
16
Let y be (16/3)/(-4)*6/(-4). Let x be 3*(-2 + y/2)*-5. What is the greatest common factor of 165 and x?
15
Let j be 2 - (-2 + 31 + 1). Let r = 108 + j. Calculate the greatest common divisor of 8 and r.
8
Let y = -91 - -143. Suppose -293*s = -256*s - 481. What is the highest common factor of s and y?
13
Suppose 3*n - 5 = 4. Suppose -2*v + 106 = 5*r, -2*r + n*v + 43 = 12. Suppose 0*z - 5*z = -50. What is the greatest common factor of z and r?
10
Suppose 5 = 5*l, -b - 14*l + 662 = -12*l. What is the highest common divisor of 60 and b?
60
Let y(h) = -3*h**3 - 19*h**2 + 9*h - 20. Let x be y(-7). Suppose 3*r + 12 = 5*r. What is the greatest common factor of x and r?
3
Suppose 2*o - 248 = 4*r, -2*o = r - 6*r - 246. Suppose -3*n = 5*n - o. What is the highest common divisor of n and 24?
8
Let u = 13 + -10. Let g be -2 + (36/u)/4. Suppose 0 = -6*z + 3*z + 9. What is the highest common factor of z and g?
1
Let l(k) = 29*k + 162. Let g be l(18). What is the highest common factor of g and 36?
36
Suppose 0*z - 154 = -z. Let r(l) = -l**3 + 14*l**2 + 16*l - 1. Let p be r(15). What is the greatest common divisor of p and z?
14
Let x be -3*(5 - 56/3*3). What is the greatest common factor of 51 and x?
51
Suppose -n + 17 + 8 = 0. Suppose x - 59 - n = 0. Suppose -6*b + x = -2*b. What is the greatest common factor of b and 14?
7
Suppose -6*a = -19 - 83. Calculate the greatest common factor of 561 and a.
17
Let j(d) = -d. Let w be j(-7). Suppose 2*n = 5*p + w*n - 50, -5*n = 2*p - 26. What is the greatest common factor of 88 and p?
8
Let s be 15 + (-5)/4*-4. Calculate the highest common factor of s and 190.
10
Let k(u) = u**3 - 2*u**2 + 5*u - 4. Suppose -4 = t - 7. Let x be k(t). What is the highest common divisor of 140 and x?
20
Let z(m) = -16*m - 302. Let s be z(-20). Calculate the greatest common divisor of 234 and s.
18
Let i(o) = o**2 - o + 134. Let n be i(-52). What is the highest common divisor of 10 and n?
10
Suppose -u + 190 = 4*u. Let w be u*((-27)/(-6) - 4). Calculate the highest common factor of 171 and w.
19
Let l(s) = -s**2 - 9*s + 12. Let j be l(-6). Let r be j/135 + 806/18. Calculate the greatest common factor of r and 9.
9
Let v(b) = 2*b**2 + 8*b + 2. Let x be v(-4). Suppose -w - 24 = -3*i, w - x*i + 106 = -3*w. Let j = w + 33. Calculate the highest common factor of 4 and j.
2
Let x = -3 + 39. Let k be 2/(-1 - (-16)/12). Let z = -2 + k. What is the highest common factor of z and x?
4
Let n(w) = -w**3 - 11*w**2 + 12*w + 6. Suppose -3*x + 2*c = 28, -4*x - 5*c = -3*x + 32. Let s be n(x). Calculate the highest common factor of s and 54.
6
Suppose -j + 14 + 15 = -4*u, 0 = -4*j - u + 116. Suppose -5*d - 17 = -p, 2*p = p + d + j. What is the highest common divisor of 4 and p?
4
Suppose -4*r = -6*r - 18. Let j = 51 - r. Suppose 5 = 5*f - 55. What is the highest common factor of f and j?
12
Let n = 204 - 420. Let r = -96 - n. Let i be (40/(-12))/((-1)/9). What is the greatest common divisor of i and r?
30
Let u(x) = 3*x + 345. Let p be u(-13). Calculate the greatest common factor of 36 and p.
18
Suppose 2*c - 20 = -2*c, 4*s + 555 = -5*c. Let b = 4 + 4. Let l be (-1)/8 - s/b. What is the greatest common factor of 6 and l?
6
Suppose -372 - 87 = -9*x. Suppose x = -j + 64. Suppose -5*m - 3*t + 472 = -128, 5*t + 326 = 3*m. What is the highest common factor of m and j?
13
Let n be 3 + -5 + 5/(10/72). Calculate the highest common divisor of n and 1037.
17
Let n be (-17)/(136/(-96))*(-6)/(-4). What is the greatest common divisor of 36 and n?
18
Let n be 3/(-6) + (-22)/(-4). Let i be 10*(5 - 2 - 1). Calculate the highest common divisor of n and i.
5
Suppose 5016 = -16*f + 28*f. What is the greatest common factor of 38 and f?
38
Let k = 19 - -4. Let c = -88 + 69. Let d = c + k. Calculate the greatest common factor of 8 and d.
4
Let m = -1896 + 3469. What is the greatest common factor of m and 13?
13
Let r = -2 - -10. Suppose r = -2*v, -70 = -5*i - 4*v - v. What is the highest common divisor of i and 162?
18
Let s = -1255 - -1291. What is the greatest common factor of 1476 and s?
36
Let z = 36 + -14. Calculate the greatest common divisor of z and 66.
22
Suppose -3*z + 2*f + 490 = 0, 16*z = 20*z + 5*f - 615. Calculate the greatest common divisor of z and 60.
20
Let w = 1259 - 1184. Let s = 104 - 74. Calculate the greatest common divisor of s and w.
15
Let r = 8453 + -8452. Let f = 12 - 33. Let n = 30 + f. What is the greatest common factor of n and r?
1
Let d(y) = 10*y**2 + 30*y + 2. Let b be d(-15). What is the greatest common factor of 212 and b?
106
Let o(b) = -2*b**2 - 43*b - 34. Let k be o(-20). Let h = -4 - -43. What is the highest common factor of h and k?
13
Suppose 5*r - 2 = 8. Suppose 3*b - 4 = r*b. Suppose -3*p + 34 = -50. What is the greatest common divisor of p and b?
4
Suppose -31*n + 57 = -12*n. Let m(h) = 9*h**2 + h - 1. Let q be m(1). What is the greatest common factor of q and n?
3
Suppose 5*d - 600 = 5*h, 4*d + h - 477 = 4*h. Let a be 4 - ((-16)/(1 - -1) - -3). Calculate the highest common divisor of d and a.
9
Let s = -162 - -193. Let o = s + -25. Suppose 0 = -4*v - 5*r + 120, -v + 150 = 4*v - 5*r. What is the highest common divisor of o and v?
6
Let d be (-471)/(-12) - -6*5/(-120). What is the highest common factor of 312 and d?
39
Suppose -255 = 4*u + 3*b - 821, 0 = 2*b + 4. What is the greatest common factor of 13 and u?
13
Let t(m) = -12*m - 2. Let z be t(-1). Calculate the highest common factor of z and 35.
5
Suppose 0 = 5*g - 170 - 75. Let k be (g/(-28))/((-3)/48). What is the highest common factor of k and 28?
28
Let a = 452 + -348. What is the greatest common divisor of 182 and a?
26
Let f be (2 - 5)/(-3*(-10)/(-8050)). Calculate the highest common divisor of f and 115.
115
Let q(j) = -1 - 2*j - 2*j + 4*j**2 - j**3 - 10*j**2 + 8*j. Let s be q(-7). Let m = s - -7. Calculate the highest common factor of m and 18.
9
Let d(m) = -12*m - 526. Let n be d(-59). Calculate the greatest common factor of 98 and n.
14
Let j(z) = z**3 + z**2 + 88. Let r be j(0). Let n be 1/(-2*(-4)/r). Let c be ((-6)/9)/(2/(-3)). What is